{"id":26302,"date":"2022-05-27T09:43:46","date_gmt":"2022-05-27T12:43:46","guid":{"rendered":"http:\/\/www.controlesocial.cg.df.gov.br\/?page_id=26302"},"modified":"2025-05-19T10:49:06","modified_gmt":"2025-05-19T13:49:06","slug":"i-premio-essencial-de-controle-social-2021","status":"publish","type":"page","link":"https:\/\/controlesocial.cg.df.gov.br\/index.php\/i-premio-essencial-de-controle-social-2021\/","title":{"rendered":"I PR\u00caMIO ESSENCIAL DE CONTROLE SOCIAL (2021)"},"content":{"rendered":"<div class=\"container2\">\n<div class=\"about-me\">\n<div class=\"span-12 col-xs-12 col-md-12 col-sm-12 col-lg-12\">\n<hr style=\"margin-bottom: 20px; border-top: 2px solid #0061ae; width: 85%;\">\n<p style=\"text-align: justify; margin-bottom: 1%;\">O Pr\u00eamio Essencial foi desenvolvido com a finalidade de estimular o debate acad\u00eamico sobre o tema do controle social, estimulando a reflex\u00e3o dos estudantes universit\u00e1rios sobre a import\u00e2ncia do acompanhamento e fiscaliza\u00e7\u00e3o das pol\u00edticas p\u00fablicas.<\/p>\n<p style=\"text-align: justify; margin-bottom: 1%;\">Os estudantes elaboraram um projeto que fomentava a participa\u00e7\u00e3o cidad\u00e3 e o exerc\u00edcio do Controle Social do Distrito Federal.<\/p>\n<p style=\"text-align: justify; margin-bottom: 1%;\">A coordena\u00e7\u00e3o do pr\u00eamio recebeu 7 projetos, dentre os quais foram escolhidos os tr\u00eas melhores para serem premiados.<\/p>\n<p style=\"text-align: justify; margin-bottom: 1%;\">O projeto ofereceu capacita\u00e7\u00e3o EaD sobre Controle Social, desenvolvida pela SUBTC, para os estudantes.<\/p>\n<ul style=\"list-style: inside;\">\n<li style=\"text-align: justify;\">11 inscri\u00e7\u00f5es individuais<\/li>\n<li style=\"text-align: justify;\">19 estudantes capacitados<\/li>\n<li style=\"text-align: justify;\">2 inscri\u00e7\u00f5es em grupo com 4 participantes em cada<\/li>\n<li style=\"text-align: justify;\">7 Projetos entregues<\/li>\n<li style=\"text-align: justify;\">3 Projetos vencedores<\/li>\n<\/ul>\n<\/div>\n<p>&nbsp;<br \/>\n&nbsp;<\/p>\n<div style=\"text-align:center;\">\n<a style=\"width: 100%; display:inline-block;\" href=\"http:\/\/www.coronavirus.df.gov.br\/wp-content\/uploads\/2022\/05\/32.jpg\"><img loading=\"lazy\" decoding=\"async\" class=\"wp-image-27189 aligncenter\" src=\"http:\/\/www.coronavirus.df.gov.br\/wp-content\/uploads\/2022\/05\/32.jpg\" alt=\"\" width=\"600\" height=\"399\"><\/a><br \/>\n&nbsp;<br \/>\n<a style=\"width: 100%; display:inline-block;\" href=\"http:\/\/www.coronavirus.df.gov.br\/wp-content\/uploads\/2022\/05\/33.jpg\"><img loading=\"lazy\" decoding=\"async\" class=\"aligncenter wp-image-27190\" src=\"http:\/\/www.coronavirus.df.gov.br\/wp-content\/uploads\/2022\/05\/33.jpg\" alt=\"\" width=\"600\" height=\"399\"><\/a><br \/>\n&nbsp;<br \/>\n<a style=\"width: 100%; display:inline-block;\" href=\"http:\/\/www.coronavirus.df.gov.br\/wp-content\/uploads\/2022\/05\/34.jpg\"><img loading=\"lazy\" decoding=\"async\" class=\"aligncenter wp-image-27191\" src=\"http:\/\/www.coronavirus.df.gov.br\/wp-content\/uploads\/2022\/05\/34.jpg\" alt=\"\" width=\"600\" height=\"398\"><\/a><br \/>\n&nbsp;<br \/>\n<a style=\"width: 100%; display:inline-block;\" href=\"http:\/\/www.coronavirus.df.gov.br\/wp-content\/uploads\/2022\/05\/30.png\"><img loading=\"lazy\" decoding=\"async\" class=\"wp-image-27192 aligncenter\" src=\"http:\/\/www.coronavirus.df.gov.br\/wp-content\/uploads\/2022\/05\/30.png\" alt=\"\" width=\"600\" height=\"399\"><\/a><br \/>\n&nbsp;<br \/>\n<a style=\"width: 100%; display:inline-block;\" href=\"http:\/\/www.coronavirus.df.gov.br\/wp-content\/uploads\/2022\/05\/31.jpg\"><img loading=\"lazy\" decoding=\"async\" class=\"wp-image-27193 aligncenter\" src=\"http:\/\/www.coronavirus.df.gov.br\/wp-content\/uploads\/2022\/05\/31.jpg\" alt=\"\" width=\"600\" height=\"399\"><\/a><\/div>\n<div class=\"span-12 col-xs-12 col-md-12 col-sm-12 col-lg-12\" style=\"margin-left: 15px;\">\n<p>&nbsp;<\/p>\n<\/div>\n<\/div>\n<\/div>\n","protected":false},"excerpt":{"rendered":"<p>O Pr\u00eamio Essencial foi desenvolvido com a finalidade de estimular o debate acad\u00eamico sobre o tema do controle social, estimulando a reflex\u00e3o dos estudantes universit\u00e1rios sobre a import\u00e2ncia do acompanhamento e fiscaliza\u00e7\u00e3o das pol\u00edticas p\u00fablicas. Os estudantes elaboraram um projeto que fomentava a participa\u00e7\u00e3o cidad\u00e3 e o exerc\u00edcio do Controle Social do Distrito Federal. A [&hellip;]<\/p>\n","protected":false},"author":1,"featured_media":0,"parent":0,"menu_order":0,"comment_status":"closed","ping_status":"closed","template":"","meta":{"_acf_changed":false,"_lmt_disableupdate":"","_lmt_disable":"","_uf_show_specific_survey":0,"_uf_disable_surveys":false,"footnotes":""},"class_list":["post-26302","page","type-page","status-publish","hentry"],"acf":[],"jetpack_sharing_enabled":true,"_links":{"self":[{"href":"https:\/\/controlesocial.cg.df.gov.br\/index.php\/wp-json\/wp\/v2\/pages\/26302","targetHints":{"allow":["GET"]}}],"collection":[{"href":"https:\/\/controlesocial.cg.df.gov.br\/index.php\/wp-json\/wp\/v2\/pages"}],"about":[{"href":"https:\/\/controlesocial.cg.df.gov.br\/index.php\/wp-json\/wp\/v2\/types\/page"}],"author":[{"embeddable":true,"href":"https:\/\/controlesocial.cg.df.gov.br\/index.php\/wp-json\/wp\/v2\/users\/1"}],"replies":[{"embeddable":true,"href":"https:\/\/controlesocial.cg.df.gov.br\/index.php\/wp-json\/wp\/v2\/comments?post=26302"}],"version-history":[{"count":8,"href":"https:\/\/controlesocial.cg.df.gov.br\/index.php\/wp-json\/wp\/v2\/pages\/26302\/revisions"}],"predecessor-version":[{"id":29013,"href":"https:\/\/controlesocial.cg.df.gov.br\/index.php\/wp-json\/wp\/v2\/pages\/26302\/revisions\/29013"}],"wp:attachment":[{"href":"https:\/\/controlesocial.cg.df.gov.br\/index.php\/wp-json\/wp\/v2\/media?parent=26302"}],"curies":[{"name":"wp","href":"https:\/\/api.w.org\/{rel}","templated":true}]}}