{"id":29028,"date":"2025-05-22T12:22:17","date_gmt":"2025-05-22T15:22:17","guid":{"rendered":"https:\/\/controlesocial.cg.df.gov.br\/?page_id=29028"},"modified":"2025-05-22T12:22:22","modified_gmt":"2025-05-22T15:22:22","slug":"iii-premio-essencial-de-controle-social-2024","status":"publish","type":"page","link":"https:\/\/controlesocial.cg.df.gov.br\/index.php\/iii-premio-essencial-de-controle-social-2024\/","title":{"rendered":"III PR\u00caMIO ESSENCIAL DE CONTROLE SOCIAL (2024)"},"content":{"rendered":"<hr style=\"margin-bottom: 20px; border-top: 2px solid #0061ae; width: 85%;\">\n<p>&nbsp;<\/p>\n<div class=\"container2\">\n<div class=\"about-me\">\n<div class=\"span-12 col-xs-12 col-md-12 col-sm-12 col-lg-12\">\n<p style=\"text-align: justify; margin-bottom: 1%;\"><strong>III Pr\u00eamio Essencial de Controle Social<\/strong><\/p>\n<p style=\"text-align: justify; margin-bottom: 1%;\">Em 2024, o Pr\u00eamio Essencial de Controle Social chegou \u00e0 sua terceira edi\u00e7\u00e3o com uma proposta inovadora: engajar estudantes universit\u00e1rios do Distrito Federal por meio da cria\u00e7\u00e3o de v\u00eddeos curtos voltados para as redes sociais, com o objetivo de incentivar a participa\u00e7\u00e3o cidad\u00e3 e o uso da plataforma Participa DF. A mudan\u00e7a de formato \u2014 saindo dos tradicionais artigos acad\u00eamicos e apostando em produ\u00e7\u00f5es audiovisuais \u2014 mostrou que \u00e9 poss\u00edvel falar de controle social de maneira leve, direta e conectada com a linguagem do dia a dia.<\/p>\n<p style=\"text-align: justify; margin-bottom: 1%;\">O resultado foi uma variedade de v\u00eddeos que surpreenderam pela qualidade, originalidade e clareza. Entre os destaques, Eliabe Silva Rodrigues, estudante de Produ\u00e7\u00e3o Cultural da UnDF, conquistou o primeiro lugar ao comparar o controle social \u00e0 organiza\u00e7\u00e3o de uma casa \u2014 uma met\u00e1fora simples e eficaz para mostrar que cada cidad\u00e3o tem um papel essencial. Em segundo lugar, Lucas Gabriel Alves Leal, estudante de Gest\u00e3o P\u00fablica tamb\u00e9m da UnDF, usou seu conhecimento acad\u00eamico para mostrar que uma sociedade participativa influencia diretamente na transpar\u00eancia da administra\u00e7\u00e3o p\u00fablica. J\u00e1 o terceiro lugar foi para Andressa Guedes Martins da Silva, do IESB, que chamou aten\u00e7\u00e3o para o poder das ferramentas p\u00fablicas quando s\u00e3o usadas com consci\u00eancia e inten\u00e7\u00e3o.<\/p>\n<\/div>\n<\/div>\n<\/div>\n<p>&nbsp;<\/p>\n<p>&nbsp;<\/p>\n<p style=\"text-align: center;\"><span style=\"font-size: 17pt;\"><strong> &nbsp;Universit\u00e1rios recebem Pr\u00eamio Essencial da Controladoria do DF<\/strong><\/span><\/p>\n<hr style=\"margin-bottom: 20px; border-top: 2px solid #0061ae; width: 85%;\">\n<div class=\"container2\">\n<div class=\"about-me\">\n<div class=\"span-12 col-xs-12 col-md-12 col-sm-12 col-lg-12\">\n<figure><img decoding=\"async\" width=\"100%\" class=\"aligncenter\" src=\"https:\/\/controlesocial.cg.df.gov.br\/wp-content\/uploads\/09.EssencialSite.png\" alt=\"Universit\u00e1rios recebem Pr\u00eamio Essencial da Controladoria do DF<\/figcaption>\n<\/figure>\n<\/div>\n<\/div>\n<div class=\" span-12=\"\" col-xs-12=\"\" col-md-12=\"\" col-sm-12=\"\" col-lg-12\"=\"\">\n<hr style=\"margin-bottom: 20px; border-top: 2px solid #0061ae; width: 85%;\">\n<p>&nbsp;<\/p>\n<p style=\"text-align: justify; margin-bottom: 1%;\">Os vencedores foram premiados com valores em dinheiro \u2014 R$ 4 mil, R$ 3 mil e R$ 2 mil, respectivamente \u2014 e seus v\u00eddeos far\u00e3o parte de a\u00e7\u00f5es educativas da Controladoria-Geral do Distrito Federal. No total, mais de 50 v\u00eddeos foram inscritos, mostrando que h\u00e1, sim, interesse dos jovens por temas ligados \u00e0 cidadania, transpar\u00eancia e engajamento social \u2014 basta falar com eles na linguagem certa.<\/p>\n<p style=\"text-align: justify; margin-bottom: 1%;\">A edi\u00e7\u00e3o de 2024 do Pr\u00eamio Essencial n\u00e3o apenas refor\u00e7ou a import\u00e2ncia da participa\u00e7\u00e3o cidad\u00e3, como tamb\u00e9m mostrou que, quando se acredita no potencial criativo das pessoas, elas respondem com entusiasmo e prop\u00f3sito.<\/p>\n<\/figure>\n<\/div>\n<\/div>\n<p>&nbsp;<\/p>\n<p>&nbsp;<\/p>\n<\/div>\n","protected":false},"excerpt":{"rendered":"<p>&nbsp; III Pr\u00eamio Essencial de Controle Social Em 2024, o Pr\u00eamio Essencial de Controle Social chegou \u00e0 sua terceira edi\u00e7\u00e3o com uma proposta inovadora: engajar estudantes universit\u00e1rios do Distrito Federal por meio da cria\u00e7\u00e3o de v\u00eddeos curtos voltados para as redes sociais, com o objetivo de incentivar a participa\u00e7\u00e3o cidad\u00e3 e o uso da plataforma [&hellip;]<\/p>\n","protected":false},"author":24,"featured_media":0,"parent":0,"menu_order":0,"comment_status":"closed","ping_status":"closed","template":"","meta":{"_acf_changed":false,"_lmt_disableupdate":"","_lmt_disable":"","_uf_show_specific_survey":0,"_uf_disable_surveys":false,"footnotes":""},"class_list":["post-29028","page","type-page","status-publish","hentry"],"acf":[],"jetpack_sharing_enabled":true,"_links":{"self":[{"href":"https:\/\/controlesocial.cg.df.gov.br\/index.php\/wp-json\/wp\/v2\/pages\/29028","targetHints":{"allow":["GET"]}}],"collection":[{"href":"https:\/\/controlesocial.cg.df.gov.br\/index.php\/wp-json\/wp\/v2\/pages"}],"about":[{"href":"https:\/\/controlesocial.cg.df.gov.br\/index.php\/wp-json\/wp\/v2\/types\/page"}],"author":[{"embeddable":true,"href":"https:\/\/controlesocial.cg.df.gov.br\/index.php\/wp-json\/wp\/v2\/users\/24"}],"replies":[{"embeddable":true,"href":"https:\/\/controlesocial.cg.df.gov.br\/index.php\/wp-json\/wp\/v2\/comments?post=29028"}],"version-history":[{"count":5,"href":"https:\/\/controlesocial.cg.df.gov.br\/index.php\/wp-json\/wp\/v2\/pages\/29028\/revisions"}],"predecessor-version":[{"id":29035,"href":"https:\/\/controlesocial.cg.df.gov.br\/index.php\/wp-json\/wp\/v2\/pages\/29028\/revisions\/29035"}],"wp:attachment":[{"href":"https:\/\/controlesocial.cg.df.gov.br\/index.php\/wp-json\/wp\/v2\/media?parent=29028"}],"curies":[{"name":"wp","href":"https:\/\/api.w.org\/{rel}","templated":true}]}}